-1
Let z(t) = -38*t - 3. Calculate z(3).
-117
Let i(f) = -14*f + 45. Calculate i(3).
3
Let z(l) = 2*l**2 + 4*l + 1. Determine z(-3).
7
Let y(x) = x**3 + 9*x**2 - 4*x - 18. Calculate y(-9).
18
Let a(t) = t - 10. What is a(6)?
-4
Let r(k) = k**2 + 8*k - 78. Calculate r(-15).
27
Let z(f) = 2*f**2 - 8*f + 3. What is z(5)?
13
Let j(a) = a**3 + 5*a**2 - 8*a. What is j(-6)?
12
Let x(z) = 3*z**3 + 4*z**2 - 4*z + 3. Calculate x(2).
35
Let l(o) = o**2 - 12*o + 7. What is l(10)?
-13
Let f(p) = 2*p**3 - 10*p**2 - 6*p - 7. Calculate f(7).
147
Let p(u) = -8*u**2 - 5*u - 4. Determine p(-2).
-26
Let d(s) = 3*s + 6. What is d(-4)?
-6
Let t(v) = -2*v - 37. Determine t(-12).
-13
Let d(i) = 10*i + 6. Give d(-4).
-34
Let h(n) = n + 12. Calculate h(-13).
-1
Let u(d) = 7*d + 84. Give u(0).
84
Let t(p) = -2*p**2 + 2*p - 5. Give t(3).
-17
Let j(v) = -15*v - 115. What is j(-11)?
50
Let p(i) = i**3 - 26*i + 61. Determine p(3).
10
Let p(t) = t**2 + 8*t - 21. What is p(-15)?
84
Let l(r) = r**3 + r**2 - 13*r - 9. Determine l(-4).
-5
Let o(p) = 32*p + 1. Determine o(1).
33
Let w(b) = -27*b - 116. What is w(-4)?
-8
Let j(h) = -h**3 - 7*h**2 - 6*h - 6. Determine j(-4).
-30
Let y(n) = -n**3 - 7*n**2 - 6*n + 4. Calculate y(-6).
4
Let x(u) = -5*u**3 - u**2 - 7*u - 4. Calculate x(-1).
7
Let v(y) = -5*y + 62. Determine v(3).
47
Let f(w) = 5*w + 89. Give f(-18).
-1
Let g(y) = -27*y**3 - y - 2. What is g(-1)?
26
Let l(u) = -5*u - 28. Determine l(-11).
27
Let v(l) = 8*l**2 + l - 1. What is v(3)?
74
Let x(w) = 7*w + 4. Give x(1).
11
Let p(j) = -15*j + 6. Calculate p(1).
-9
Let t(o) = 4*o**3 - 3*o**2 - 2*o + 2. What is t(-1)?
-3
Let g(h) = 37*h + 301. Calculate g(-8).
5
Let x(t) = -7*t. Determine x(5).
-35
Let u(y) = 2*y**2 + 17*y - 18. Give u(-8).
-26
Let m(r) = 6*r**2 + 77*r + 3. Calculate m(-12).
-57
Let q(o) = -2*o**2 - 11*o + 12. Give q(-6).
6
Let s(d) = -2*d**3 - 3*d**2 - 2*d + 2. What is s(-2)?
10
Let n(q) = -6*q + 18. Give n(4).
-6
Let j(n) = 4*n**3 + 3*n**2 - n - 1. Give j(1).
5
Let j(w) = -11*w**2 + 4*w + 2. What is j(-1)?
-13
Let n(u) = 2*u**2 + 10*u + 7. Determine n(-5).
7
Let b(a) = -a**3 + 6*a**2 + 7*a - 3. Give b(7).
-3
Let s(u) = u**2 + 8*u - 7. What is s(-10)?
13
Let t(q) = -q**2 + 9*q - 5. Determine t(9).
-5
Let f(z) = z**3 + 8*z**2 - z - 40. Calculate f(-7).
16
Let n(j) = -20*j**2 - 2*j + 3. What is n(1)?
-19
Let w(c) = -6*c**2 + c + 7. Calculate w(2).
-15
Let f(z) = -45*z**3 + z + 1. Determine f(-1).
45
Let b(a) = 2*a**2 - 76*a + 145. Determine b(36).
1
Let c(m) = m**3 - m**2 - 21*m + 4. Determine c(-4).
8
Let g(v) = v**3 + 5*v**2 - 9*v - 11. Give g(-6).
7
Let n(a) = a**2 + 35*a - 74. Calculate n(-37).
0
Let v(j) = -j + 11. What is v(8)?
3
Let b(v) = -2*v**2 - 28*v - 95. What is b(-5)?
-5
Let t(s) = s**3 + 45*s**2 - 7. What is t(-45)?
-7
Let p(g) = -24*g**2 - g + 1. Calculate p(1).
-24
Let j(s) = -s - 17. Determine j(-10).
-7
Let n(s) = -s**2 - 88*s - 573. Calculate n(-7).
-6
Let s(r) = -r**3 - 40*r**2 + 130*r + 46. Calculate s(-43).
3
Let n(s) = 5*s**2 + 56*s + 23. Determine n(-11).
12
Let q(m) = 47*m + 39. Determine q(-1).
-8
Let z(x) = -x**3 - 4*x**2 - 1. What is z(-4)?
-1
Let w(n) = -n**3 + 7*n**2 + 49*n + 11. What is w(-4)?
-9
Let f(g) = -g**3 - 41*g**2 - 40*g - 3. Give f(-40).
-3
Let z(a) = 10*a + 41. What is z(-9)?
-49
Let c(z) = -z**2 - 3*z - 5. Determine c(-2).
-3
Let s(i) = 5*i - 9. Calculate s(10).
41
Let h(s) = -5*s**2 - 33*s + 2. Calculate h(-7).
-12
Let t(c) = -c**3 - 2*c**2 + 4*c + 4. Calculate t(-3).
1
Let f(u) = 11*u + 4. Determine f(-3).
-29
Let d(o) = -6*o - 100. Give d(-17).
2
Let d(r) = 2*r**3 + 41*r**2 + 22*r - 6. Calculate d(-20).
-46
Let q(p) = -p**2 - 16*p + 59. Calculate q(-18).
23
Let y(a) = -a**2 - 3*a + 6. Calculate y(-4).
2
Let q(p) = p**3 + p**2 - p - 9. Calculate q(0).
-9
Let v(s) = -4*s + 30. Give v(7).
2
Let o(f) = -f**2 - 7*f - 15. What is o(-4)?
-3
Let l(x) = -x**3 + 10*x**2 - 12*x - 44. Determine l(8).
-12
Let z(d) = -d**2 - 8*d - 6. Determine z(-6).
6
Let n(d) = 32*d - 177. Calculate n(5).
-17
Let h(r) = r**3 - 12*r**2 - 3. What is h(12)?
-3
Let p(s) = 27*s + 46. Determine p(-5).
-89
Let o(y) = y**3 - y + 4. Determine o(4).
64
Let w(k) = 191*k - 189. Calculate w(1).
2
Let w(q) = q**2 + 2*q - 185. What is w(-14)?
-17
Let d(r) = r**2 + 8*r - 9. What is d(-8)?
-9
Let u(p) = 2*p**2 + 2*p - 12. What is u(-5)?
28
Let y(j) = 40*j - 4. Calculate y(1).
36
Let d(l) = -2*l**2 - 5*l - 35. Give d(-4).
-47
Let n(o) = 2*o + 67. Give n(-30).
7
Let r(g) = -11*g - 3. Determine r(1).
-14
Let q(v) = -v**2 + 4*v + 8. Give q(8).
-24
Let m(w) = -w**3 - 29*w**2 - 4*w - 52. Give m(-29).
64
Let i(z) = -z**2 - 21*z + 44. Determine i(-23).
-2
Let w(i) = -3*i**2 - 8*i + 2. Give w(-3).
-1
Let l(q) = 3*q - 73. Determine l(21).
-10
Let c(y) = -y**3 - 7*y**2 - y - 8. Calculate c(-6).
-38
Let t(d) = -2*d**2 + 18*d - 7. What is t(11)?
-51
Let a(y) = -y**2 + 5*y + 12. Give a(-4).
-24
Let h(w) = -w**2 - 4*w + 2. What is h(0)?
2
Let j(v) = -2*v**2 - 3. Give j(2).
-11
Let x(z) = z**2 + 14*z - 61. Give x(3).
-10
Let p(s) = -s**3 + 3*s**2 + 2. Calculate p(2).
6
Let z(o) = 11*o**3 - 3*o**2. What is z(2)?
76
Let w(m) = 4*m**3 - m**2 + m. Calculate w(1).
4
Let x(g) = g**2 + 3*g - 3. Determine x(-2).
-5
Let d(r) = -4*r - 11. Give d(-9).
25
Let p(f) = -2*f - 5. Determine p(3).
-11
Let l(w) = -w**3 - 17*w**2 + 3*w + 39. Calculate l(-17).
-12
Let l(p) = p**3 - 3*p**2 + 15*p - 43. Calculate l(3).
2
Let y(a) = -a**2 + 5*a - 10. Give y(6).
-16
Let v(a) = -a**3 + 2*a**2 - a - 1. Determine v(-1).
3
Let g(v) = v**2 + 5*v + 8. What is g(-2)?
2
Let b(l) = l**2 + 18*l + 3. Calculate b(-14).
-53
Let y(l) = l**3 + 7*l**2 - 3*l - 7. Give y(-7).
14
Let u(b) = b**2 + 6*b + 12. What is u(-5)?
7
Let o(s) = -s**2 - 12*s + 5. Give o(-15).
-40
Let c(s) = s**2 - s - 3. What is c(3)?
3
Let d(y) = -y**3 + 6*y**2 + 3*y - 10. What is d(6)?
8
Let d(j) = j**3 - 22*j**2 + 41*j + 32. Give d(20).
52
Let k(d) = 2*d**2 + 40*d - 22. What is k(-20)?
-22
Let c(z) = z**3 - 11*z**2 - z + 16. Give c(11).
5
Let i(b) = b**3 - 27*b**2 + 64*b + 178. Give i(24).
-14
Let g(x) = -15*x - 3. Give g(1).
-18
Let h(s) = 2*s**2 - 8*s + 6. Determine h(5).
16
Let k(w) = w**3 + 22*w**2 - 20*w + 65. Calculate k(-23).
-4
Let t(d) = 12*d + 139. Give t(-12).
-5
Let w(c) = -c**2 + 2*c - 7. What is w(4)?
-15
Let y(n) = 4*n**2 + 13*n - 13. Give y(1).
4
Let v(p) = p - 18. Determine v(11).
-7
Let p(l) = l**2 - 4*l + 2. What is p(2)?
-2
Let s(m) = -15*m + 82. Give s(5).
7
Let i(a) = 29*a - 64. Calculate i(2).
-6
Let f(v) = 2*v**3 + 2*v**2 - 3*v + 3. What is f(0)?
3
Let x(g) = -g - 32. Give x(-39).
7
Let k(m) = 26*m - 149. What is k(9)?
85
Let f(u) = -u**2 - 6*u - 5. Calculate f(-3).
4
Let a(p) = -p**2 - 7*p - 3. Calculate a(-7).
-3
Let l(x) = -x**3 + 15*x**2 - 16*x + 18. Determine l(14).
-10
Let u(l) = l + 8. What is u(-4)?
4
Let f(d) = d**3 + 7*d**2 + 2*d + 2. Determine f(-6).
26
Let z(b) = b**3 + 9*b**2 + 9*b - 3. Give z(-8).
-11
Let d(s) = -2*s**2 + s + 2. Give d(3).
-13
Let m(a) = 3*a**2 - 23*a - 9. Calculate m(7).
-23
Let s(c) = 2*c + 14. Determine s(-4).
6
Let s(m) = -m**3 + 8*m**2 - 8*m - 1. What is s(8)?
-65
Let f(y) = -3*y**2 - 2. Give f(2).
-14
Let j(s) = -17*s - 330. Determine j(-19).
-7
Let s(u) = u**2 + 29*u + 75. Determine s(-3).
-3
Let m(j) = 3*j - 7. Determine m(-12).
-43
Let j(k) = -2*k**3 + 3*k**2 + 3*k - 5. Determine j(3).
-23
Let z(m) = -m + 62. What is z(0)?
62
Let f(g) = -g**2 + 14*g + 13. Calculate f(12).
37
Let d(n) = -n**3 + 11*n**2 - 8*n - 11. Calculate d(10).
9
Let a(h) = -h - 31. Determine a(-7).
-24
Let n(z) = -z**3 + 4*z + 3. Give n(-2).
3
Let y(n) = n**3 + 8*n**2 - 2*n + 63. Give y(-9).
0
Let c(d) = -8*d - 12. What is c(-7)?
44
Let s(o) = o + 5. Determine s(6).
11
Let y(l) = l**2 - 13*l + 4. Determine y(11).
-18
Let a(d) = -2*d - 46. What is a(-23)?
0
Let y(d) = d**3 - 12*d**2 + 13*d - 22. Give y(11).
0
Let a(r) = r**3 - 7*r**2 - 3*r + 5. Give a(7).
-16
Let h(d) = 26*d - 262. Calculate h(10).
-2
Let m(p) = 5*p + 12. Determine m(9).
57
Let g(p) = p + 25. Calculate g(-13).
12
Let s(f) = f**2 + 13*f + 41. Determine s(-11).
19
Let m(a) = -9*a**2 - 4. What is m(-2)?
-40
Let d(z) = -z**2 - 16*z + 3. Determine d(-15).
18
Let o(u) = u**2 + 10*u + 22. Calculate o(-7).
1
Let v(m) = -2*m**2 + 51*m - 42. Determine